
False
Is 159058144579 composite?
False
Is 35200063529 composite?
True
Is 55002696703 a composite number?
True
Is 1215297637 composite?
False
Is 59558565337 a composite number?
True
Is 615878377 a composite number?
False
Is 116584043 prime?
True
Is 12196018 a composite number?
True
Is 1128031127 composite?
False
Is 836694527 composite?
False
Is 2342991239 composite?
False
Is 1097893213 a composite number?
False
Is 576797609 a composite number?
False
Is 536419067 a prime number?
True
Is 222938489 a composite number?
False
Is 130227079 composite?
False
Is 404493671 a prime number?
True
Is 31837966781 a composite number?
True
Is 4365855649 composite?
True
Is 742313111 a prime number?
True
Is 3590648099 composite?
True
Is 9533025751 a composite number?
True
Is 2691670645 prime?
False
Is 26687038997 a composite number?
False
Is 28122329791 composite?
True
Is 19010212009 prime?
True
Is 312484343 a composite number?
True
Is 942490529 prime?
False
Is 25542034781 a prime number?
True
Is 1234559591 composite?
False
Is 84947959 a prime number?
True
Is 10880016827 composite?
False
Is 224920261 a composite number?
True
Is 1637089613 composite?
True
Is 72158294959 a composite number?
True
Is 12590223467 a prime number?
False
Is 1833877481 composite?
True
Is 19782801239 prime?
False
Is 75467141 prime?
False
Is 855826681 a prime number?
True
Is 15859174223 a composite number?
True
Is 45109639 prime?
True
Is 8151262003 a composite number?
False
Is 23704546009 prime?
False
Is 1858911599 a prime number?
False
Is 756490367 a composite number?
True
Is 1795856917 composite?
True
Is 18401806229 a composite number?
False
Is 911042779 prime?
False
Is 8909324383 a composite number?
False
Is 39692746589 composite?
True
Is 22365299953 a composite number?
True
Is 32944000301 a composite number?
False
Is 62684963921 prime?
False
Is 18693573523 a composite number?
False
Is 2714815253 a composite number?
True
Is 814407313 composite?
True
Is 594453871 a composite number?
True
Is 16342999117 a composite number?
True
Is 528559973 a prime number?
False
Is 9090039031 a prime number?
True
Is 147124039 a prime number?
False
Is 39028153 prime?
True
Is 61882591919 a prime number?
True
Is 25653218543 a prime number?
False
Is 378764203 a composite number?
False
Is 8525804951 composite?
False
Is 9098588087 prime?
True
Is 833888987 composite?
False
Is 54499766 composite?
True
Is 4660224917 a prime number?
False
Is 24576125399 composite?
True
Is 2163084281 a prime number?
True
Is 8160158327 a prime number?
False
Is 207732086797 composite?
False
Is 304839286931 a prime number?
True
Is 4675450123 composite?
False
Is 3477172213 composite?
True
Is 13197622001 composite?
True
Is 2801783657 a composite number?
False
Is 2568371887 a composite number?
False
Is 24031325759 composite?
True
Is 214343761637 a composite number?
True
Is 19450141441 a composite number?
False
Is 1643781407 a prime number?
True
Is 1061311399 a composite number?
True
Is 17151809657 a prime number?
True
Is 171363917 prime?
True
Is 17618987093 composite?
True
Is 598310026 composite?
True
Is 2670815057 composite?
True
Is 309150769517 composite?
False
Is 52930393 prime?
False
Is 6123508019 a composite number?
True
Is 26963338841 a prime number?
True
Is 764917073 composite?
False
Is 2613685267 composite?
False
Is 752761201 composite?
False
Is 23764091539 composite?
False
Is 1377711217 composite?
False
Is 7817255553 a prime number?
False
Is 42358897873 a prime number?
True
Is 54054611791 a prime number?
True
Is 46494652961 a prime number?
True
Is 8094572461 composite?
False
Is 633765887 a composite number?
True
Is 1777974043 composite?
True
Is 564185173 prime?
False
Is 555374453 a composite number?
False
Is 49633127981 a composite number?
False
Is 17377750171 composite?
False
Is 1046319943 prime?
False
Is 12082229873 a composite number?
True
Is 3839300567 a prime number?
True
Is 40893679 prime?
True
Is 740024081 composite?
False
Is 152387312087 prime?
True
Is 1099858909 a composite number?
True
Is 2482406621 prime?
False
Is 25476477497 composite?
False
Is 760255289 composite?
True
Is 117642191 composite?
False
Is 3709260847 prime?
False
Is 2421300143 prime?
True
Is 60221209129 a composite number?
True
Is 520092413 a prime number?
False
Is 1987643083 composite?
True
Is 392782361 composite?
True
Is 23310699733 prime?
False
Is 926921551 a composite number?
True
Is 2737101551 a composite number?
True
Is 2898707329 prime?
False
Is 7122115603 prime?
True
Is 2309157199 composite?
False
Is 581429243 a prime number?
False
Is 3173474131 composite?
False
Is 2334758711 a prime number?
False
Is 5635857751 composite?
False
Is 1521272699 a composite number?
False
Is 160657897 a composite number?
True
Is 495690619 prime?
True
Is 1817409721 a composite number?
False
Is 1198047803 prime?
False
Is 103249153 a composite number?
True
Is 1154373949 prime?
False
Is 7593253621 prime?
True
Is 62803023477 prime?
False
Is 127612613 composite?
False
Is 8200411201 prime?
True
Is 326450287 prime?
True
Is 13763297879 a composite number?
True
Is 3063168293 prime?
False
Is 10843238951 composite?
False
Is 1943710157 prime?
True
Is 337067387 prime?
True
Is 4411014851 composite?
False
Is 12106805449 a prime number?
True
Is 1906156489 a prime number?
False
Is 9654338189 a composite number?
False
Is 11196991187 a composite number?
False
Is 1885145233 a composite number?
False
Is 1276624793 composite?
True
Is 54228094303 a composite number?
True
Is 815373449 prime?
False
Is 168777943 composite?
False
Is 2037098971 prime?
True
Is 7089093829 a prime number?
True
Is 898339591 a composite number?
False
Is 92756097851 prime?
True
Is 137718083 a prime number?
False
Is 12581865649 a composite number?
False
Is 11589457153 composite?
False
Is 4643654263 a prime number?
True
Is 9503070461 a composite number?
False
Is 861024017 composite?
True
Is 6917550329 a prime number?
False
Is 17321515733 prime?
True
Is 131619965 a prime number?
False
Is 2703484783 a prime number?
True
Is 5510487799 a prime number?
True
Is 13040297 a prime number?
True
Is 12890403541 prime?
True
Is 11603588383 prime?
True
Is 7613014823 a composite number?
False
Is 2844438277 prime?
False
Is 29920424227 prime?
False
Is 3448891409 a prime number?
False
Is 827320847 a prime number?
True
Is 880511147 composite?
False
Is 10542292021 composite?
False
Is 14329546747 composite?
False
Is 17302275673 composite?
True
Is 389401361 composite?
False
Is 710359571 prime?
True
Is 11128474309 composite?
False
Is 15937860569 a composite number?
False
Is 13835505623 prime?
False
Is 91358321 composite?
False
Is 2557273247 a prime number?
True
Is 15729418369 prime?
False
Is 1766895149 a prime number?
True
Is 18139535053 composite?
False
Is 19585731001 composite?
False
Is 19916268235 a prime number?
False
Is 779026033 prime?
True
Is 242179593 a composite number?
True
Is 24602276089 a prime number?
True
Is 23172059 prime?
True
Is 17713986073 prime?
False
Is 1854674749 composite?
True
Is 19592327 a composite number?
True
Is 916991807 a composite number?
True
Is 1120042949 a prime number?
False
Is 5819212577 a composite number?
True
Is 2449015463 composite?
False
Is 701202895 composite?
True
Is 47523666727 a prime number?
True
Is 447728231 a prime number?
False
Is 51181112699 composite?
False
Is 668858243 prime?
True
Is 757684351 prime?
True
Is 44686709105 a prime number?
False
Is 9737706241 composite?
False
Is 4552728409 a prime number?
False
Is 1130536217 prime?
True
Is 12013440445 a composite number?
True
Is 1766469697 a prime number?
False
Is 543867511 composite?
True
Is 8677367 composite?
False
Is 271498037 a composite number?
True
Is 205326713 prime?
True
Is 5269833799 a composite number?
False
Is 27836081011 a prime number?
True
Is 367706233 prime?
True
Is 1456381937 composite?
False
Is 21602578 a prime number?
False
Is 1106465977 a prime number?
True
Is 44802666871 composite?
False
Is 57944829 a prime number?
False
Is 3986169389 prime?
True
Is 2270353447 prime?
False
Is 14500869497 a prime number?
True
Is 803564843 composite?
False
Is 24185012582 prime?
False
Is 3555975569 composite?
True
Is 79372820239 composite?
True
Is 95796304613 a composite number?
True
Is 2131244257 a prime number?
True
Is 41349864097 composite?
